{"id":82,"date":"2025-09-20T01:05:21","date_gmt":"2025-09-20T01:05:21","guid":{"rendered":"https:\/\/ufa2898.com\/?page_id=82"},"modified":"2025-09-20T01:07:33","modified_gmt":"2025-09-20T01:07:33","slug":"%e0%b8%9a%e0%b8%97%e0%b8%84%e0%b8%a7%e0%b8%b2%e0%b8%a1","status":"publish","type":"page","link":"https:\/\/ufa2898.com\/?page_id=82","title":{"rendered":"\u0e1a\u0e17\u0e04\u0e27\u0e32\u0e21"},"content":{"rendered":"\t\t<div data-elementor-type=\"wp-page\" data-elementor-id=\"82\" class=\"elementor elementor-82\" data-elementor-post-type=\"page\">\n\t\t\t\t<div class=\"elementor-element elementor-element-19482e1 e-flex e-con-boxed e-con e-parent\" data-id=\"19482e1\" data-element_type=\"container\">\n\t\t\t\t\t<div class=\"e-con-inner\">\n\t\t\t\t<div class=\"elementor-element elementor-element-56af3a8 elementor-grid-3 elementor-grid-tablet-2 elementor-grid-mobile-1 elementor-posts--thumbnail-top elementor-card-shadow-yes elementor-posts__hover-gradient elementor-widget elementor-widget-posts\" data-id=\"56af3a8\" data-element_type=\"widget\" data-settings=\"{&quot;cards_masonry&quot;:&quot;yes&quot;,&quot;cards_columns&quot;:&quot;3&quot;,&quot;cards_columns_tablet&quot;:&quot;2&quot;,&quot;cards_columns_mobile&quot;:&quot;1&quot;,&quot;cards_row_gap&quot;:{&quot;unit&quot;:&quot;px&quot;,&quot;size&quot;:35,&quot;sizes&quot;:[]},&quot;cards_row_gap_tablet&quot;:{&quot;unit&quot;:&quot;px&quot;,&quot;size&quot;:&quot;&quot;,&quot;sizes&quot;:[]},&quot;cards_row_gap_mobile&quot;:{&quot;unit&quot;:&quot;px&quot;,&quot;size&quot;:&quot;&quot;,&quot;sizes&quot;:[]}}\" data-widget_type=\"posts.cards\">\n\t\t\t\t<div class=\"elementor-widget-container\">\n\t\t\t\t\t\t\t<div class=\"elementor-posts-container elementor-posts elementor-posts--skin-cards elementor-grid\" role=\"list\">\n\t\t\t\t<article class=\"elementor-post elementor-grid-item post-162 post type-post status-publish format-standard hentry category-uncategorized\" role=\"listitem\">\n\t\t\t<div class=\"elementor-post__card\">\n\t\t\t\t<div class=\"elementor-post__text\">\n\t\t\t\t<h3 class=\"elementor-post__title\">\n\t\t\t<a href=\"https:\/\/ufa2898.com\/?p=162\" >\n\t\t\t\tFenikss.lv Online Kazino: K\u0101p\u0113c Tas Ir Uzticams Sp\u0113l\u0113t\u0101jiem Latvij\u0101\t\t\t<\/a>\n\t\t<\/h3>\n\t\t\n\t\t<a class=\"elementor-post__read-more\" href=\"https:\/\/ufa2898.com\/?p=162\" aria-label=\"Read more about Fenikss.lv Online Kazino: K\u0101p\u0113c Tas Ir Uzticams Sp\u0113l\u0113t\u0101jiem Latvij\u0101\" tabindex=\"-1\" >\n\t\t\tRead More \u00bb\t\t<\/a>\n\n\t\t\t\t<\/div>\n\t\t\t\t<div class=\"elementor-post__meta-data\">\n\t\t\t\t\t<span class=\"elementor-post-date\">\n\t\t\tOctober 12, 2025\t\t<\/span>\n\t\t\t\t<\/div>\n\t\t\t\t\t<\/div>\n\t\t<\/article>\n\t\t\t\t<article class=\"elementor-post elementor-grid-item post-144 post type-post status-publish format-standard has-post-thumbnail hentry category-uncategorized\" role=\"listitem\">\n\t\t\t<div class=\"elementor-post__card\">\n\t\t\t\t<a class=\"elementor-post__thumbnail__link\" href=\"https:\/\/ufa2898.com\/?p=144\" tabindex=\"-1\" ><div class=\"elementor-post__thumbnail\"><img fetchpriority=\"high\" decoding=\"async\" width=\"1040\" height=\"538\" src=\"https:\/\/ufa2898.com\/wp-content\/uploads\/2025\/10\/5-88.jpg\" class=\"attachment-full size-full wp-image-158\" alt=\"\" srcset=\"https:\/\/ufa2898.com\/wp-content\/uploads\/2025\/10\/5-88.jpg 1040w, https:\/\/ufa2898.com\/wp-content\/uploads\/2025\/10\/5-88-300x155.jpg 300w, https:\/\/ufa2898.com\/wp-content\/uploads\/2025\/10\/5-88-1024x530.jpg 1024w, https:\/\/ufa2898.com\/wp-content\/uploads\/2025\/10\/5-88-768x397.jpg 768w\" sizes=\"(max-width: 1040px) 100vw, 1040px\" \/><\/div><\/a>\n\t\t\t\t<div class=\"elementor-post__badge\">Uncategorized<\/div>\n\t\t\t\t<div class=\"elementor-post__text\">\n\t\t\t\t<h3 class=\"elementor-post__title\">\n\t\t\t<a href=\"https:\/\/ufa2898.com\/?p=144\" >\n\t\t\t\t\ud83c\udfaf \u0e1e\u0e25\u0e32\u0e14\u0e44\u0e14\u0e49\u0e41\u0e15\u0e48\u0e44\u0e21\u0e48\u0e02\u0e32\u0e14\u0e17\u0e38\u0e19! \u0e41\u0e17\u0e07\u0e40\u0e2a\u0e35\u0e22\u0e15\u0e34\u0e14\u0e01\u0e31\u0e19 5 \u0e23\u0e2d\u0e1a \u0e23\u0e31\u0e1a\u0e40\u0e07\u0e34\u0e19\u0e04\u0e37\u0e19\u0e17\u0e31\u0e19\u0e17\u0e35!\t\t\t<\/a>\n\t\t<\/h3>\n\t\t\n\t\t<a class=\"elementor-post__read-more\" href=\"https:\/\/ufa2898.com\/?p=144\" aria-label=\"Read more about \ud83c\udfaf \u0e1e\u0e25\u0e32\u0e14\u0e44\u0e14\u0e49\u0e41\u0e15\u0e48\u0e44\u0e21\u0e48\u0e02\u0e32\u0e14\u0e17\u0e38\u0e19! \u0e41\u0e17\u0e07\u0e40\u0e2a\u0e35\u0e22\u0e15\u0e34\u0e14\u0e01\u0e31\u0e19 5 \u0e23\u0e2d\u0e1a \u0e23\u0e31\u0e1a\u0e40\u0e07\u0e34\u0e19\u0e04\u0e37\u0e19\u0e17\u0e31\u0e19\u0e17\u0e35!\" tabindex=\"-1\" >\n\t\t\tRead More \u00bb\t\t<\/a>\n\n\t\t\t\t<\/div>\n\t\t\t\t<div class=\"elementor-post__meta-data\">\n\t\t\t\t\t<span class=\"elementor-post-date\">\n\t\t\tOctober 11, 2025\t\t<\/span>\n\t\t\t\t<\/div>\n\t\t\t\t\t<\/div>\n\t\t<\/article>\n\t\t\t\t<article class=\"elementor-post elementor-grid-item post-120 post type-post status-publish format-standard has-post-thumbnail hentry category-uncategorized\" role=\"listitem\">\n\t\t\t<div class=\"elementor-post__card\">\n\t\t\t\t<a class=\"elementor-post__thumbnail__link\" href=\"https:\/\/ufa2898.com\/?p=120\" tabindex=\"-1\" ><div class=\"elementor-post__thumbnail\"><img decoding=\"async\" width=\"1040\" height=\"538\" src=\"https:\/\/ufa2898.com\/wp-content\/uploads\/2025\/09\/7-67.jpg\" class=\"attachment-full size-full wp-image-139\" alt=\"\" srcset=\"https:\/\/ufa2898.com\/wp-content\/uploads\/2025\/09\/7-67.jpg 1040w, https:\/\/ufa2898.com\/wp-content\/uploads\/2025\/09\/7-67-300x155.jpg 300w, https:\/\/ufa2898.com\/wp-content\/uploads\/2025\/09\/7-67-1024x530.jpg 1024w, https:\/\/ufa2898.com\/wp-content\/uploads\/2025\/09\/7-67-768x397.jpg 768w\" sizes=\"(max-width: 1040px) 100vw, 1040px\" \/><\/div><\/a>\n\t\t\t\t<div class=\"elementor-post__badge\">Uncategorized<\/div>\n\t\t\t\t<div class=\"elementor-post__text\">\n\t\t\t\t<h3 class=\"elementor-post__title\">\n\t\t\t<a href=\"https:\/\/ufa2898.com\/?p=120\" >\n\t\t\t\t\ud83c\udf08 \u0e42\u0e1b\u0e23\u0e42\u0e21\u0e0a\u0e31\u0e48\u0e19\u0e41\u0e23\u0e07 ! \u0e1d\u0e32\u0e01 300 \u0e1f\u0e23\u0e35 300 \/ \u0e1d\u0e32\u0e01 500 \u0e1f\u0e23\u0e35 500 \/ \u0e1d\u0e32\u0e01 1,000 \u0e1f\u0e23\u0e35 1,000\t\t\t<\/a>\n\t\t<\/h3>\n\t\t\n\t\t<a class=\"elementor-post__read-more\" href=\"https:\/\/ufa2898.com\/?p=120\" aria-label=\"Read more about \ud83c\udf08 \u0e42\u0e1b\u0e23\u0e42\u0e21\u0e0a\u0e31\u0e48\u0e19\u0e41\u0e23\u0e07 ! \u0e1d\u0e32\u0e01 300 \u0e1f\u0e23\u0e35 300 \/ \u0e1d\u0e32\u0e01 500 \u0e1f\u0e23\u0e35 500 \/ \u0e1d\u0e32\u0e01 1,000 \u0e1f\u0e23\u0e35 1,000\" tabindex=\"-1\" >\n\t\t\tRead More \u00bb\t\t<\/a>\n\n\t\t\t\t<\/div>\n\t\t\t\t<div class=\"elementor-post__meta-data\">\n\t\t\t\t\t<span class=\"elementor-post-date\">\n\t\t\tSeptember 30, 2025\t\t<\/span>\n\t\t\t\t<\/div>\n\t\t\t\t\t<\/div>\n\t\t<\/article>\n\t\t\t\t<article class=\"elementor-post elementor-grid-item post-1 post type-post status-publish format-standard has-post-thumbnail hentry category-uncategorized\" role=\"listitem\">\n\t\t\t<div class=\"elementor-post__card\">\n\t\t\t\t<a class=\"elementor-post__thumbnail__link\" href=\"https:\/\/ufa2898.com\/?p=1\" tabindex=\"-1\" ><div class=\"elementor-post__thumbnail\"><img decoding=\"async\" width=\"1200\" height=\"474\" src=\"https:\/\/ufa2898.com\/wp-content\/uploads\/2025\/07\/photo_\u0e52\u0e50\u0e52\u0e55-\u0e50\u0e59-\u0e51\u0e58_\u0e51\u0e56-\u0e54\u0e51-\u0e51\u0e53.jpg\" class=\"attachment-full size-full wp-image-104\" alt=\"\" srcset=\"https:\/\/ufa2898.com\/wp-content\/uploads\/2025\/07\/photo_\u0e52\u0e50\u0e52\u0e55-\u0e50\u0e59-\u0e51\u0e58_\u0e51\u0e56-\u0e54\u0e51-\u0e51\u0e53.jpg 1200w, https:\/\/ufa2898.com\/wp-content\/uploads\/2025\/07\/photo_\u0e52\u0e50\u0e52\u0e55-\u0e50\u0e59-\u0e51\u0e58_\u0e51\u0e56-\u0e54\u0e51-\u0e51\u0e53-300x119.jpg 300w, https:\/\/ufa2898.com\/wp-content\/uploads\/2025\/07\/photo_\u0e52\u0e50\u0e52\u0e55-\u0e50\u0e59-\u0e51\u0e58_\u0e51\u0e56-\u0e54\u0e51-\u0e51\u0e53-1024x404.jpg 1024w, https:\/\/ufa2898.com\/wp-content\/uploads\/2025\/07\/photo_\u0e52\u0e50\u0e52\u0e55-\u0e50\u0e59-\u0e51\u0e58_\u0e51\u0e56-\u0e54\u0e51-\u0e51\u0e53-768x303.jpg 768w\" sizes=\"(max-width: 1200px) 100vw, 1200px\" \/><\/div><\/a>\n\t\t\t\t<div class=\"elementor-post__badge\">Uncategorized<\/div>\n\t\t\t\t<div class=\"elementor-post__text\">\n\t\t\t\t<h3 class=\"elementor-post__title\">\n\t\t\t<a href=\"https:\/\/ufa2898.com\/?p=1\" >\n\t\t\t\tUbet89 \u0e41\u0e08\u0e01\u0e42\u0e1a\u0e19\u0e31\u0e2a\u0e42\u0e1b\u0e23\u0e1d\u0e32\u0e01\u0e1a\u0e34\u0e25\u0e17\u0e35\u0e48 2 | \u0e23\u0e27\u0e21\u0e2a\u0e39\u0e07\u0e2a\u0e38\u0e14 600 \u0e1a\u0e32\u0e17\t\t\t<\/a>\n\t\t<\/h3>\n\t\t\n\t\t<a class=\"elementor-post__read-more\" href=\"https:\/\/ufa2898.com\/?p=1\" aria-label=\"Read more about Ubet89 \u0e41\u0e08\u0e01\u0e42\u0e1a\u0e19\u0e31\u0e2a\u0e42\u0e1b\u0e23\u0e1d\u0e32\u0e01\u0e1a\u0e34\u0e25\u0e17\u0e35\u0e48 2 | \u0e23\u0e27\u0e21\u0e2a\u0e39\u0e07\u0e2a\u0e38\u0e14 600 \u0e1a\u0e32\u0e17\" tabindex=\"-1\" >\n\t\t\tRead More \u00bb\t\t<\/a>\n\n\t\t\t\t<\/div>\n\t\t\t\t<div class=\"elementor-post__meta-data\">\n\t\t\t\t\t<span class=\"elementor-post-date\">\n\t\t\tJuly 17, 2025\t\t<\/span>\n\t\t\t\t<\/div>\n\t\t\t\t\t<\/div>\n\t\t<\/article>\n\t\t\t\t<\/div>\n\t\t\n\t\t\t\t\t\t<\/div>\n\t\t\t\t<\/div>\n\t\t\t\t\t<\/div>\n\t\t\t\t<\/div>\n\t\t\t\t<\/div>\n\t\t","protected":false},"excerpt":{"rendered":"","protected":false},"author":1,"featured_media":0,"parent":0,"menu_order":0,"comment_status":"closed","ping_status":"closed","template":"","meta":{"footnotes":""},"class_list":["post-82","page","type-page","status-publish","hentry"],"yoast_head":"<!-- This site is optimized with the Yoast SEO plugin v26.4 - https:\/\/yoast.com\/wordpress\/plugins\/seo\/ -->\n<title>\u0e1a\u0e17\u0e04\u0e27\u0e32\u0e21 - My Test Blog<\/title>\n<meta name=\"robots\" content=\"index, follow, max-snippet:-1, max-image-preview:large, max-video-preview:-1\" \/>\n<link rel=\"canonical\" href=\"https:\/\/ufa2898.com\/?page_id=82\" \/>\n<meta property=\"og:locale\" content=\"en_US\" \/>\n<meta property=\"og:type\" content=\"article\" \/>\n<meta property=\"og:title\" content=\"\u0e1a\u0e17\u0e04\u0e27\u0e32\u0e21 - My Test Blog\" \/>\n<meta property=\"og:url\" content=\"https:\/\/ufa2898.com\/?page_id=82\" \/>\n<meta property=\"og:site_name\" content=\"My Test Blog\" \/>\n<meta property=\"article:modified_time\" content=\"2025-09-20T01:07:33+00:00\" \/>\n<meta name=\"twitter:card\" content=\"summary_large_image\" \/>\n<meta name=\"twitter:label1\" content=\"Est. reading time\" \/>\n\t<meta name=\"twitter:data1\" content=\"1 minute\" \/>\n<script type=\"application\/ld+json\" class=\"yoast-schema-graph\">{\"@context\":\"https:\/\/schema.org\",\"@graph\":[{\"@type\":\"WebPage\",\"@id\":\"https:\/\/ufa2898.com\/?page_id=82\",\"url\":\"https:\/\/ufa2898.com\/?page_id=82\",\"name\":\"\u0e1a\u0e17\u0e04\u0e27\u0e32\u0e21 - My Test Blog\",\"isPartOf\":{\"@id\":\"https:\/\/ufa2898.com\/#website\"},\"datePublished\":\"2025-09-20T01:05:21+00:00\",\"dateModified\":\"2025-09-20T01:07:33+00:00\",\"breadcrumb\":{\"@id\":\"https:\/\/ufa2898.com\/?page_id=82#breadcrumb\"},\"inLanguage\":\"en-US\",\"potentialAction\":[{\"@type\":\"ReadAction\",\"target\":[\"https:\/\/ufa2898.com\/?page_id=82\"]}]},{\"@type\":\"BreadcrumbList\",\"@id\":\"https:\/\/ufa2898.com\/?page_id=82#breadcrumb\",\"itemListElement\":[{\"@type\":\"ListItem\",\"position\":1,\"name\":\"Home\",\"item\":\"https:\/\/ufa2898.com\/\"},{\"@type\":\"ListItem\",\"position\":2,\"name\":\"\u0e1a\u0e17\u0e04\u0e27\u0e32\u0e21\"}]},{\"@type\":\"WebSite\",\"@id\":\"https:\/\/ufa2898.com\/#website\",\"url\":\"https:\/\/ufa2898.com\/\",\"name\":\"My Test Blog\",\"description\":\"\",\"publisher\":{\"@id\":\"https:\/\/ufa2898.com\/#organization\"},\"potentialAction\":[{\"@type\":\"SearchAction\",\"target\":{\"@type\":\"EntryPoint\",\"urlTemplate\":\"https:\/\/ufa2898.com\/?s={search_term_string}\"},\"query-input\":{\"@type\":\"PropertyValueSpecification\",\"valueRequired\":true,\"valueName\":\"search_term_string\"}}],\"inLanguage\":\"en-US\"},{\"@type\":\"Organization\",\"@id\":\"https:\/\/ufa2898.com\/#organization\",\"name\":\"My Test Blog\",\"url\":\"https:\/\/ufa2898.com\/\",\"logo\":{\"@type\":\"ImageObject\",\"inLanguage\":\"en-US\",\"@id\":\"https:\/\/ufa2898.com\/#\/schema\/logo\/image\/\",\"url\":\"https:\/\/ufa2898.com\/wp-content\/uploads\/2025\/07\/cropped-ufa289-icon.png\",\"contentUrl\":\"https:\/\/ufa2898.com\/wp-content\/uploads\/2025\/07\/cropped-ufa289-icon.png\",\"width\":83,\"height\":83,\"caption\":\"My Test Blog\"},\"image\":{\"@id\":\"https:\/\/ufa2898.com\/#\/schema\/logo\/image\/\"}}]}<\/script>\n<!-- \/ Yoast SEO plugin. -->","yoast_head_json":{"title":"\u0e1a\u0e17\u0e04\u0e27\u0e32\u0e21 - My Test Blog","robots":{"index":"index","follow":"follow","max-snippet":"max-snippet:-1","max-image-preview":"max-image-preview:large","max-video-preview":"max-video-preview:-1"},"canonical":"https:\/\/ufa2898.com\/?page_id=82","og_locale":"en_US","og_type":"article","og_title":"\u0e1a\u0e17\u0e04\u0e27\u0e32\u0e21 - My Test Blog","og_url":"https:\/\/ufa2898.com\/?page_id=82","og_site_name":"My Test Blog","article_modified_time":"2025-09-20T01:07:33+00:00","twitter_card":"summary_large_image","twitter_misc":{"Est. reading time":"1 minute"},"schema":{"@context":"https:\/\/schema.org","@graph":[{"@type":"WebPage","@id":"https:\/\/ufa2898.com\/?page_id=82","url":"https:\/\/ufa2898.com\/?page_id=82","name":"\u0e1a\u0e17\u0e04\u0e27\u0e32\u0e21 - My Test Blog","isPartOf":{"@id":"https:\/\/ufa2898.com\/#website"},"datePublished":"2025-09-20T01:05:21+00:00","dateModified":"2025-09-20T01:07:33+00:00","breadcrumb":{"@id":"https:\/\/ufa2898.com\/?page_id=82#breadcrumb"},"inLanguage":"en-US","potentialAction":[{"@type":"ReadAction","target":["https:\/\/ufa2898.com\/?page_id=82"]}]},{"@type":"BreadcrumbList","@id":"https:\/\/ufa2898.com\/?page_id=82#breadcrumb","itemListElement":[{"@type":"ListItem","position":1,"name":"Home","item":"https:\/\/ufa2898.com\/"},{"@type":"ListItem","position":2,"name":"\u0e1a\u0e17\u0e04\u0e27\u0e32\u0e21"}]},{"@type":"WebSite","@id":"https:\/\/ufa2898.com\/#website","url":"https:\/\/ufa2898.com\/","name":"My Test Blog","description":"","publisher":{"@id":"https:\/\/ufa2898.com\/#organization"},"potentialAction":[{"@type":"SearchAction","target":{"@type":"EntryPoint","urlTemplate":"https:\/\/ufa2898.com\/?s={search_term_string}"},"query-input":{"@type":"PropertyValueSpecification","valueRequired":true,"valueName":"search_term_string"}}],"inLanguage":"en-US"},{"@type":"Organization","@id":"https:\/\/ufa2898.com\/#organization","name":"My Test Blog","url":"https:\/\/ufa2898.com\/","logo":{"@type":"ImageObject","inLanguage":"en-US","@id":"https:\/\/ufa2898.com\/#\/schema\/logo\/image\/","url":"https:\/\/ufa2898.com\/wp-content\/uploads\/2025\/07\/cropped-ufa289-icon.png","contentUrl":"https:\/\/ufa2898.com\/wp-content\/uploads\/2025\/07\/cropped-ufa289-icon.png","width":83,"height":83,"caption":"My Test Blog"},"image":{"@id":"https:\/\/ufa2898.com\/#\/schema\/logo\/image\/"}}]}},"_links":{"self":[{"href":"https:\/\/ufa2898.com\/index.php?rest_route=\/wp\/v2\/pages\/82","targetHints":{"allow":["GET"]}}],"collection":[{"href":"https:\/\/ufa2898.com\/index.php?rest_route=\/wp\/v2\/pages"}],"about":[{"href":"https:\/\/ufa2898.com\/index.php?rest_route=\/wp\/v2\/types\/page"}],"author":[{"embeddable":true,"href":"https:\/\/ufa2898.com\/index.php?rest_route=\/wp\/v2\/users\/1"}],"replies":[{"embeddable":true,"href":"https:\/\/ufa2898.com\/index.php?rest_route=%2Fwp%2Fv2%2Fcomments&post=82"}],"version-history":[{"count":5,"href":"https:\/\/ufa2898.com\/index.php?rest_route=\/wp\/v2\/pages\/82\/revisions"}],"predecessor-version":[{"id":92,"href":"https:\/\/ufa2898.com\/index.php?rest_route=\/wp\/v2\/pages\/82\/revisions\/92"}],"wp:attachment":[{"href":"https:\/\/ufa2898.com\/index.php?rest_route=%2Fwp%2Fv2%2Fmedia&parent=82"}],"curies":[{"name":"wp","href":"https:\/\/api.w.org\/{rel}","templated":true}]}}